ate -1 - 9 - (-52 + 35).
7
-6 + (4 - -2 - 2)
-2
(-10 + 16 - 1) + -11
-6
What is 7 + 2 + (-4 + 1 - 3)?
3
Calculate -2 + (-5 - -6 - -4).
3
What is -6 - (7 + -11 - -2) - -5?
1
Evaluate (-4 - -2) + 2 + -1.
-1
Calculate -2 - ((0 - 2) + -3) - 0.
3
Evaluate 2 + -5 - -2 - 3.
-4
What is the value of -2 - 5 - (1 + -13)?
5
(-1 - (-3 + (3 - -2))) + 2
-1
Calculate -97 + 91 + -1 + 1.
-6
What is the value of 3 - ((-2 - -3) + 1)?
1
What is the value of -11 - (-14 + (4 - -7))?
-8
Evaluate (0 - 6) + -14 + 15.
-5
11 + (-10 - -4) + 1 + 0
6
2 + 5 + -3 - 5
-1
Evaluate -2 + 6 + (-2 - -1) + -2.
1
What is 6 - (-7 - (5 + -21))?
-3
What is the value of -6 + -4 + 13 + -2?
1
Evaluate 5 + -4 - (7 + 2).
-8
Calculate -2 + (1 - 5) + (-1 - -3).
-4
-6 + 2 - (15 + -11 + -15)
7
Evaluate (-6 - (1 + -4 + -1)) + 0.
-2
-3 + 0 - (5 - 7)
-1
What is the value of -19 - -12 - (-6 + 0)?
-1
Calculate -61 + 56 + 10 + -1.
4
Evaluate 1 + 0 + -2 + 3 - -2.
4
Calculate (2 - 0 - -1) + (64 - 68).
-1
Evaluate 1 - (1 + 4 + -5).
1
Calculate 4 - (4 - -5) - -1.
-4
Evaluate (2 - -5) + -6 + (-1 - 1).
-1
What is the value of -2 + 17 + -3 + -7?
5
Calculate -11 - -11 - (-2 - 2).
4
What is -2 + 3 + 0 + -9 + 3?
-5
Evaluate -2 - (3 + -7) - (4 + 2).
-4
Calculate 5 + (-13 - -5) - -1.
-2
2 - ((-4 - -3) + 1 + -3)
5
What is the value of (-2 - 0 - (-19 - -7)) + -1?
9
Evaluate 10 + (3 - 7 - 4).
2
What is the value of -2 + (-10 - -4 - -5)?
-3
Evaluate (-9 - -2) + (7 - 3).
-3
What is the value of 0 + 10 - (15 + -3 + -7)?
5
What is 5 + (-4 - (-2 + 2)) + 2?
3
What is 3 + 0 - 0 - 1?
2
Evaluate (0 - -1) + (-3 + 0 - -3).
1
What is 6 + -4 - (0 + 7)?
-5
What is the value of 7 + -4 + (2 - -2) + -3?
4
What is the value of (0 + -1 - -2) + 8 + -6?
3
What is -36 + 33 + 7 + 1 + -2?
3
-3 + -8 + 13 - (-2 + 0)
4
Evaluate -3 - (-11 - (1 + -4 + -2)).
3
-3 - -3 - 8 - -2 - -2
-4
What is -26 - -29 - (-2 + 10)?
-5
Evaluate 2 + -4 + 11 + -7.
2
What is (-3 + 0 - -12) + -4?
5
Calculate (0 - 6) + (-7 + 7 - -1).
-5
What is 3 - (3 - (4 + -1)) - 0?
3
19 - 13 - (-1 - -6)
1
Calculate 2 - (-3 - -3) - (0 - -3).
-1
(-1 + 2 - 4) + -1 + 3
-1
-1 + (0 - (3 - (-5 - -1)))
-8
What is 19 + -13 + -10 + 1 - -7?
4
Calculate -6 - (4 + -2 + -11) - 10.
-7
What is the value of -12 - -3 - -1 - -7?
-1
What is 9 + (-6 - (5 + -2))?
0
What is the value of (-48 - -49) + -1 + 3?
3
What is 0 + 1 - (7 + (12 - 16))?
-2
What is the value of 0 + -5 + 0 + (-1 - -3)?
-3
Calculate 2 + 0 + -3 - (-5 + -1).
5
-2 + (7 - (1 - 0))
4
What is the value of 1 - 8 - ((-20 - -6) + 10)?
-3
(-4 - -2) + 20 + -29 + 6
-5
Evaluate -3 + 12 - 3 - 0.
6
Calculate (-6 + -5 - -16) + -8.
-3
What is (4 + -4 - 6) + 10?
4
Calculate 6 + 2 + (1 - 8) + -3.
-2
What is the value of -14 + 32 - 26 - (0 - 15)?
7
Evaluate 4 + (4 + 0 - 6).
2
10 + -17 - (-4 - (1 + -2))
-4
(-1 - (0 + -1)) + 119 + -121
-2
Evaluate -1 + 2 - 6 - -1.
-4
What is the value of -1 - (-10 + 6 + -1 + 1)?
3
What is the value of -7 + 8 + (-5 - 0)?
-4
Calculate -6 + 1 + (15 - 6).
4
What is the value of -3 - (2 + (-1 - 5))?
1
What is 5 + (7 - 9 - -3)?
6
Calculate (-1 - 0 - -2) + -5.
-4
Evaluate 12 - 8 - (0 + 0).
4
Calculate -6 + -3 + -6 + 17.
2
Calculate -10 - -13 - (-7 - -2).
8
What is 2 + 2 + (-2 + -7 - -7)?
2
What is the value of 7 - 0 - (11 + (-6 - 1))?
3
What is 4 + -5 + -2 + 3?
0
Evaluate -10 + 2 - (-2 - (2 + -1)).
-5
Evaluate (2 + 0 - 1) + 11 + -12.
0
What is the value of 0 + (-1 - (4 - (6 + 3)))?
4
Calculate 0 - -1 - (-20 - -23).
-2
What is -4 - (-1 - (-2 + 4))?
-1
Calculate -6 + -1 + -11 + 21 + -12.
-9
What is -4 + (3 - (-3 + 3)) - 1?
-2
What is the value of (1 - -2 - -2) + (0 - 0)?
5
Calculate (7 - 1) + -6 - 6.
-6
Calculate (2 + 6 - (5 + 0)) + -6.
-3
What is 3 + -4 + -2 - 2?
-5
What is the value of -3 - ((6 - 1) + -2)?
-6
What is the value of (9 + -3 - 2) + (-11 - -5)?
-2
Calculate -4 - (-5 + 4 + 2).
-5
(2 - 5) + 4 + -2 + -2
-3
What is the value of -9 + (7 - 0) + -4?
-6
Evaluate (19 - (4 - -8)) + -1.
6
What is the value of 70 - 68 - (1 - 2)?
3
What is 0 + -3 + (5 - 7)?
-5
What is 1 - (5 + (-1 - 6))?
3
Evaluate -2 - -8 - (-4 - -5).
5
What is the value of 13 + 1 - (-22 - -23) - 3?
10
What is 8 - 8 - (0 - -3)?
-3
What is the value of -5 - (-12 - 5) - 8?
4
4 + (0 - (-4 + -1)) + -3
6
Calculate -11 + 7 - (-1 + -2).
-1
Calculate -4 + -6 + 17 + -8.
-1
What is 1 + 0 + (-2 - 1) + -3?
-5
Evaluate -10 + (0 - (0 - 5)).
-5
Calculate -2 + -3 + -4 + 2.
-7
Calculate -8 - -12 - (3 - 0).
1
Calculate (-2 - (-3 + -6)) + -5.
2
What is the value of (2 - -5 - 5) + (2 - -1)?
5
Calculate -1 - 0 - -2 - 3 - 2.
-4
What is the value of (-3 - (-6 - -3)) + -2?
-2
Evaluate 2 + 2 + (-4 - 4).
-4
Evaluate 3 + -12 + 2 - (-1 - 2).
-4
What is (-1 - (-1 + -2)) + -4?
-2
Calculate 0 + 0 + (-1 - (11 - 14)).
2
What is (-56 - -42) + (3 + 4 - 3)?
-10
What is (0 + -1 - 13) + 6?
-8
Calculate 3 + -5 - (6 - 12) - 3.
1
Evaluate (5 - 11 - -4 - -1) + 1.
0
-16 + (14 - (12 - 12))
-2
Calculate (1 - -2 - -1) + -1 + 2.
5
(-5 - (-12 + 3)) + -7 - 2
-5
Calculate -2 - (3 - (8 - (0 - 7))).
10
Evaluate (2 - 9 - -3) + (-3 - -1).
-6
11 + (-2 - 6 - -3)
6
Calculate -10 + (22 - 6) + -6.
0
Calculate (-13 + 8 - -10) + -6.
-1
Evaluate 18 - 13 - (3 - -6).
-4
4 + 5 + -9 + -7
-7
3 - (6 + (-3 - (-2 + 3)))
1
What is the value of 6 - (2 + 3 + -6 + 0)?
7
Calculate -2 - ((-4 - -2) + -2).
2
What is the value of 19 + -9 - (2 + 5)?
3
What is the value of 7 + (5 - 5 - 4)?
3
What is the value of 1 + 3 - (-6 + 12)?
-2
Calculate 2 + 1 + (0 - -2).
5
What is -3 - (-16 - -9) - -2?
6
-8 - -6 - (0 - 0)
-2
-18 - (-9 + 3) - -7
-5
Calculate 7 - (0 + 9 - (-48 - -53)).
3
Calculate -1 + 4 + -7 - -2.
-2
(-2 + -3 + 1 - 1) + 3
-2
What is (-3 + 4 - (0 - -6)) + 0?
-5
What is -9 - (3 + 3 + -11)?
-4
Evaluate 4 - (-4 - -5) - (8 + -3).
-2
What is the value of (-12 - -19) + 1 + -3?
5
(6 - (13 + -3)) + 10 + 1
7
What is 2 + 3 - 0 - -3 - 3?
5
What is the value of 1 + -1 + (4 - (0 - -8))?
-4
Calculate 8 - 14 - (-1 + -6 - 0).
1
Evaluate -1 + -1 + 15 - (68 + -63).
8
What is the value of 10 - (5 - 1) - 4?
2
Calculate (-16 - (1 - 10)) + 14.
7
What is the value of 0 + (-10 - -11 - (0 - 2))?
3
Evaluate -5 + 10 - 0 - (1 + -2).
6
Evaluate -1 + (3 - 4 - -7 - 2).
3
What is the value of 75 - 68 - (-1 - -16)?
-8
Calculate (9 - 7) + -8 - -3.
-3
What is 1 + 3 + (-2 - -4) + -10?
-4
What is the value of -9 + (-9 - -11) + 8?
1
Evaluate (1 - (-5 + (-2 - -7))) + -4.
-3
What is -2 - (2 - -3 - 5)?
-2
Evaluate (0 - 15 - -6) + 7.
-2
Evaluate (5 - 9) + -3 + 4 + 0.
-3
(0 - 0) + (14 - 10) - 4
0
What is the value of (19 - 10) + -9 - (1 + 2)?
-3
Calculate 7 + 0 - (-2 + -4 + 21).
-8
Evaluate -12 - (-15 + 8) - -4.
-1
Evaluate -2 + (7 - 1 - (-24 + 22)).
6
1 + 2 + 45 + -47
1
Calculate ((3 - -3) + -2 - 4) + 1.
1
4 + 0 + (-4 - 0)
0
What is 7 + 1 + -7 + -2?
-1
What is the value of 0 + 7 + -1 - 13 - -12?
5
Evaluate (-9 - -6) + -3 + (0 - -3).
-3
Calculate -2 + (-6 - ((-6 - -1) + 1)).
-4
What is the value of (-10 - (-5 - -2)) + 10?
3
Evaluate 8 + -8 + -3 - (5 + 0).
-8
Evaluate 4 - (7 - (6 + -1)).
2
What is 6 + 3 + (-10 - -5)?
4
Calculate -1 + (6 - 3) + (-3 - -3).
2
3 + 3 + 4 + -8
2
Calculate -3 - -2 - -1 - 5.
-5
What is the value of (-3 - (-5 - -3) - -2) + 4?
5
What is 2 + -4 - (1 - 6)?
3
Calculate -1 + -6 + -24 + 21 + 2.
-8
What is 9 + 7 + (2 - 13 - -3)?
8
Calculate -1 + 5 + -2 + -1 + -3.
-2
Evaluate 5 + -5 + 0 + 0.
0
What is 1 - (2 - (-3 + 6))?
2
Calculate -1 + -2 + (3 - 1) + 5.
4
What is 6 - (1 + -2 + (4 - 0))?
3
Calculate 5 - (-1 + 8) - (1 - 8).
5
What is the value of 0 + -1 + -1 + -1 + -1?
-4
What is 1 + -7 + 3 + (-5 - -4)?
-4
What is the value of 3 + -2 + 4 + 0?
5
(7 - (-4 - -1)) + -3 - 3
4
Evaluate -81 + 79 - (1 + -7).
4
What is (-2 - -1) + 4 + 5 + -4?
4
Evaluate 8 + -15 - -2 - 2.
-7
Evaluate 14 + -13 - (-8 - -3).
6
Calculate 1 + 7 + -12 - -1.
-3
Evaluate -4 + 0 + (2 - -1 - -2).
1
What is (8 - 17) + 6 + -1 + -1?
-5
Evaluate 1 - (14 + (-2 + 4 - 8)).
-7
Evaluate 5 + 1 - (3 - (2 - 2)).
3
Evaluate -15 - (-14 - -6) - (1 - -3).
-11
What is -1 + (-4 + 9 - 7) - 0?
-3
What is the value of 2 + 1 + -1 + -4?
-2
Calculate -1 + -4 + -5 + (4 - -1).
-5
What is -5 + 4 - (-2 + 1)?
0
Evaluate -3 - 5 - (23 - 25).
-6
Calculate -10 - ((-3 - -13) + -12).
-8
Calculate -26 - -25 - (-1 + 5) - -6.
1
What is the value of -11 - 1 - (0 + -22)?
10
Evaluate 2 + -5 + 3 + -3 + -2.
-5
Evaluate -11 + (15 - 1 - 5)